e
Let g(f) = -4*f + 2*f + 5*f + 42. Let u be g(-15). Is (7/(-2))/(((-6)/(-236))/u) a composite number?
True
Suppose 30*f = -2*z + 28*f + 720, z - 364 = -2*f. Let g be 202/(-1)*-1 - -1. Let h = g + z. Is h a composite number?
True
Suppose -3*y + 15*y = 24. Suppose 4*u - 645 = y*c - 3*c, -u + 1891 = 3*c. Is c prime?
False
Let i(l) = 1255*l**2 - 86*l - 331. Is i(-4) prime?
False
Suppose -243*a + 2674217 = -230*a. Is a a composite number?
True
Let r be 12/30 - (3 - 38/5). Suppose -3*k = r*g - 39214, 23*g = 21*g - 2*k + 15688. Is g composite?
False
Suppose 28*h + 1 = 27*h. Let o = h - -5. Suppose 0 = 4*d - o*g - 4524, -1147 = -d + 3*g - 20. Is d a composite number?
True
Let x(o) = 98*o + 198. Let q be x(-7). Let g = q + 895. Is g prime?
False
Let g(x) = -3*x**3 + 222*x**2 + 153*x + 83. Is g(68) composite?
False
Suppose 154649 = 2*t - 5*k, -k - 222384 - 164250 = -5*t. Is t prime?
False
Let a(s) = 13*s**2 - 13*s - 9. Let t = -239 + 246. Is a(t) prime?
False
Let o(w) = -w**2 + 8*w - 23. Let c be o(6). Let r = c - -9. Let k(s) = -321*s - 11. Is k(r) a composite number?
False
Suppose 0 = 5*y + 2*f - 562535, 112525 = -7*y + 8*y + 4*f. Is y composite?
True
Suppose 35 = 8*q - q. Suppose -q*y + 2*r = -6*y, 5*y - 3*r = 0. Suppose 9*d - 2*d - 2023 = y. Is d a composite number?
True
Suppose b + 6 = -t, 0 = -0*b + 4*b - 3*t + 3. Is (-24594)/b - (-7 - -12) a prime number?
False
Let g = 1123 + -1574. Let k = -389 - g. Is k a prime number?
False
Suppose -5*j = z + 59, -2*z + 19 - 5 = -2*j. Let u(y) = -5*y**3 - 13*y**2 + 3*y - 28. Is u(j) composite?
False
Let p be (-2966)/((-11)/(66/(-4))). Let k = 10588 - p. Is k prime?
False
Suppose 31 + 8 = 3*w. Let j = w + -4. Is 3/(-9) + 8796/j a prime number?
True
Is 1*(-2 - 5*-25027) - (510 - 508) a composite number?
False
Suppose -23*y - 3*x + 3 = -21*y, 3*y - 12 = -3*x. Suppose y*g + 15438 = 15*g. Is g composite?
True
Let a(p) = p - 10. Let q be a(8). Let n be (1 + 11)*1/(-6)*q. Suppose 5*g = -3*d + 7709, n*g + 2*d - 4323 = 1845. Is g prime?
True
Suppose -4*q + 2*q = -164. Let g = -77 + q. Suppose 5*h = -5*c + 1450, -5*h + 864 = -2*c + g*c. Is c a composite number?
False
Suppose -3*i = -6 - 15. Let z be (673/(-2))/(i/(-14)). Suppose 2*q - z = 409. Is q a prime number?
True
Let s be (-1 + 10649/3)/(6/(-9)). Let j = s + 8429. Is j a composite number?
True
Suppose 87*z + 1288204 = 4259602. Is z a composite number?
True
Let g(z) be the third derivative of 53*z**4/4 + 27*z**3/2 + 30*z**2. Is g(10) a prime number?
False
Let k(w) = w**2 + 8*w - 43. Let h be k(-21). Let t = 678 + h. Let y = 1725 - t. Is y a composite number?
True
Suppose 0 = -7*n - 5*n + 36. Suppose 3*q = 5*r + 25, 6*r + 21 = 3*q + n*r. Suppose d - 72 = -3*l + 178, 2*l - 1289 = -q*d. Is d a prime number?
False
Suppose 4604 = 4*w - d - 4285, 0 = -2*w + 4*d + 4448. Suppose -v + w = -445. Suppose 0 = 4*q - 0*j + 2*j - 2128, -5*q = -j - v. Is q a composite number?
True
Is (-186)/2*(23264/24)/(-4) a composite number?
True
Suppose 0 = -697*f + 692*f + 35, 2*f - 944259 = -5*y. Is y prime?
False
Suppose -4*f - 4*g = -472068, -2*g - 472020 = 470*f - 474*f. Is f a prime number?
False
Let l = -566953 + 864066. Is l composite?
False
Suppose 7*s - 12*s - 10790 = -5*t, 4*s + t = -8622. Let y = 2052 - -1221. Let q = s + y. Is q composite?
False
Is 95277 + -340 + 1*3*8/(-6) a composite number?
False
Suppose x = -4, -2*x + 14536 = -5*b + 3134. Suppose 0 = 3*g + 2*s + 4081, 2*g - s = 2*s - 2738. Let f = g - b. Is f a prime number?
True
Suppose 12514 + 61610 = 6*y. Let i = y - 7333. Is i composite?
False
Let o = -94 + 98. Suppose o*u = 5*u - 11. Suppose u*t - 2361 = 8*t. Is t prime?
True
Suppose -5*y = -5*l - 325815, -14*l = 2*y - 11*l - 130346. Is y a prime number?
True
Is 128856 - (-70)/((-42)/3) a composite number?
True
Suppose 4*g = 2*i - 5915534, 5*i + 25*g - 14788790 = 20*g. Is i a prime number?
True
Is -11 + (-686862)/(3 + -14) prime?
False
Suppose 3*q + q - 146 = 3*c, -78 = -2*q + 4*c. Let p(j) = 19 - 7 + 26*j - 1 + q*j. Is p(3) a composite number?
True
Let q(o) = -616*o**3 + o**2 + 24*o - 14. Is q(-5) a composite number?
True
Let m = 12 + 0. Suppose 0 = -m*x + 2586 + 2754. Suppose 2*g - x = 541. Is g composite?
True
Let j(h) = -150*h**3 - h**2 + h - 2. Let y(a) = 3*a**2 + a - 2. Let n be y(1). Let d be j(n). Is 1/(-9) - d/63 a composite number?
False
Let g(u) = 29*u**2 - 1136*u + 35. Is g(48) a composite number?
False
Let r(q) = -44*q**3 - 8*q**2 + 37*q + 113. Is r(-6) prime?
False
Is 66692/8*((-22)/(-2) + -9) a composite number?
False
Let h(c) = -c**2 + 13*c - 24. Let q be h(10). Suppose 5260 = 4*z + q*z. Is z a composite number?
True
Suppose -4*n + 4 = -12. Suppose -4*v + v = b - 20794, -n*b - 4*v = -83136. Suppose -3*s - 8*s + b = 0. Is s a prime number?
True
Let p(k) = -193*k + 2412. Is p(-59) composite?
False
Let x(y) = 117*y - 184. Let u be x(-19). Let w = 6044 + u. Is w a prime number?
True
Let s(b) = -4*b + 13. Let c be s(2). Suppose -5*i + 200 = c*y, 27 + 188 = 5*y + 2*i. Suppose 2*r = -r + y. Is r composite?
True
Suppose 2*k - 7 = 3*k. Let w(f) = -f**2 - 3*f + 28. Let a be w(k). Suppose 0*s + 3060 = 4*l - s, a = -3*l + s + 2294. Is l a composite number?
True
Let a be (-3*265 - -2) + -2. Let t be (-1 - 1187/3)*3. Let w = a - t. Is w a composite number?
True
Let g(l) = -5*l**3 - 11*l**2 - 10*l - 2. Let m(c) = 6*c**3 + 11*c**2 + 10*c + 2. Let o(v) = 5*g(v) + 4*m(v). Let k be o(-10). Is (17 - k - 3) + 3 composite?
False
Suppose 24*z - 79*z + 1728485 = 0. Is z a prime number?
False
Let x = 5529 - -49004. Is x a prime number?
False
Suppose r + 4*j = 135957, 157*j - 543903 = -4*r + 156*j. Is r a prime number?
True
Let c be (-60187)/1 + (-14 - -13). Let p = 86047 + c. Is p a composite number?
True
Suppose 32*w - 6049813 = -1563957. Is w a prime number?
False
Let d be ((-68)/(-204))/(1/15). Let b(t) = 64*t**3 - 4*t**2 - t + 6. Is b(d) prime?
True
Let w(v) be the second derivative of 157*v**3/6 + 2*v + 172. Suppose -2*i + 3 = -7. Is w(i) composite?
True
Suppose -4*j = -4*x - 76764 + 2748, -3*x = 3*j - 55536. Suppose -2*q + j = 4*i - 4*q, q = -5*i + 23128. Suppose -3*u - i = -9*u. Is u a composite number?
True
Let o(a) be the first derivative of 9*a**3 + 13*a - 9. Is o(6) a composite number?
True
Let t = 561195 - 20722. Is t a composite number?
True
Let f be (-3)/(63/(-6)) + 11628/(-28). Let j = f + 919. Suppose 3*w - 5*v - 618 = 0, -3*v - j - 120 = -3*w. Is w prime?
True
Let y(v) = -73*v + 316. Let a(s) = 73*s - 318. Let m(o) = 5*a(o) + 6*y(o). Is m(-41) composite?
False
Let s(z) = -z - 2. Let v(y) = y - 65. Let f(d) = -4*s(d) + v(d). Let i be f(12). Suppose -169 = -i*k + 200. Is k composite?
True
Let c be -94 + 2*1/(-2). Let o be ((-4)/10)/(19/c). Suppose -4*d + 6184 = -4*r, -7*d + 7706 = -o*d + 3*r. Is d composite?
False
Let m(z) = -3*z. Let a be m(-2). Let i be (1200 + (-1)/(3/a))*2. Let d = i + -1534. Is d prime?
False
Let l be 34/14 + (-84)/(-147). Is 708 - l*5/3 composite?
True
Suppose -39*m - 79*m - 67*m + 1951935 = 0. Is m prime?
False
Let m(n) = n**3 + 5*n**2 - 16*n - 7. Let v(q) = 12*q**2 + 10*q - 10. Let k be v(1). Is m(k) composite?
True
Suppose 499*u - 168107851 = 360*u. Is u composite?
True
Let a(s) be the first derivative of s**4/4 - 4*s**3/3 - 2*s**2 + s - 24. Let n be a(5). Is 105 + (n/12)/((-2)/8) composite?
False
Let g(w) = 15*w**2 + 3*w + 3. Let v(r) = r**3 - 21*r**2 + 27*r. Let p be v(20). Suppose 0 = 5*b + p - 125. Is g(b) composite?
True
Suppose 15482377 - 1852466 = 154*m - 14422575. Is m composite?
False
Suppose 84 = 2*f - 2*m, -3*f + 5*m + 175 = 43. Suppose -4*x - f - 1 = 0. Let v(p) = 4*p**2 + 13*p + 23. Is v(x) prime?
True
Let c(x) = 628*x - 59. Let i(h) = 314*h - 29. Let s(d) = -2*c(d) + 5*i(d). Is s(5) composite?
False
Suppose -548895 - 1231972 = -23*y. Is y a prime number?
False
Let l be (6/3)/(-6) + (-110)/(-6). Suppose -l = x + 5*g, g + 2 + 6 = 2*x. Suppose -x*n - 5*n = -6769. Is n composite?
False
Let w(u) = -38952*u + 1409. Is w(-11) composite?
False
Suppose -10*i = 4*i - 175980. Suppose 2*c = -13*c + i. Is c composite?
True
Let j(d) = 4*d**2 + 8*d - 4. Let z be j(-6). Let b = -93 + z. Let i(x) = 56*x**2 + x. Is i(b) a composite number?
True
Suppose -12*v - v - 39 = 0. Let d(l) = -9*l - 22. Let i be d(v). Suppose 902 = 2*m + 3*a - 2733